{"id":1261,"date":"2015-07-23T14:27:58","date_gmt":"2015-07-23T14:27:58","guid":{"rendered":"http:\/\/medicine-plus.cmsmasters.net\/?page_id=1261"},"modified":"2015-07-23T14:27:58","modified_gmt":"2015-07-23T14:27:58","slug":"iletisim","status":"publish","type":"page","link":"https:\/\/www.timelog.com.tr\/?page_id=1261","title":{"rendered":"ileti\u015fim"},"content":{"rendered":"<style type=\"text\/css\"> \n#cmsmasters_divider_69f5b768cb838 { \n\tborder-bottom-width:1px; \n\tborder-bottom-style:solid; \n\tpadding-top:-35px; \n\tmargin-bottom:25px; \n} \n \n#cmsmasters_divider_69f5b768cbe20 { \n\tborder-bottom-width:0px; \n\tborder-bottom-style:solid; \n\tpadding-top:0px; \n\tmargin-bottom:40px; \n} \n \n#cmsmasters_divider_69f5b768cc3e3 { \n\tborder-bottom-width:1px; \n\tborder-bottom-style:solid; \n\tpadding-top:-35px; \n\tmargin-bottom:25px; \n} \n #cmsmasters_icon_list_items_69f5b768cc973 { \n\tpadding-left:40px; \n} \n\n#cmsmasters_icon_list_items_69f5b768cc973 .cmsmasters_icon_list_item:before { \n\tfont-size:20px; \n\tleft:-40px; \n} \n#cmsmasters_icon_list_items_69f5b768cc973 .cmsmasters_icon_list_item { \n\tline-height:35px; \n\tpadding:0; \n} \n\n#cmsmasters_icon_list_items_69f5b768cc973 .cmsmasters_icon_list_item:before { \n\tline-height:35px; \n\ttop:0; \n} \n\n.cmsmasters_icon_list_items #cmsmasters_icon_list_item_69f5b768ccfb5:before { \n\tcolor:#f02830;\n} \n\n.cmsmasters_icon_list_items #cmsmasters_icon_list_item_69f5b768cd53d:before { \n\tcolor:#f02830;\n} \n\n.cmsmasters_icon_list_items #cmsmasters_icon_list_item_69f5b768cdb00:before { \n\tcolor:#f02830;\n} \n<\/style><p>[vc_row][vc_column][vc_gmaps link=&#8221;#E-8_JTNDaWZyYW1lJTIwc3JjJTNEJTIyaHR0cHMlM0ElMkYlMkZ3d3cuZ29vZ2xlLmNvbSUyRm1hcHMlMkZlbWJlZCUzRnBiJTNEJTIxMW0xOCUyMTFtMTIlMjExbTMlMjExZDMwMDcuMDg4Mjg1ODE3MzUzJTIxMmQyOC42NDcxODA5MTU2NjM4NDYlMjEzZDQxLjA4ODkxNzYyMjQwNzElMjEybTMlMjExZjAlMjEyZjAlMjEzZjAlMjEzbTIlMjExaTEwMjQlMjEyaTc2OCUyMTRmMTMuMSUyMTNtMyUyMTFtMiUyMTFzMHgxNGI1NTg1ZGZjMGEwNzQ5JTI1M0EweGJmNTBjOWFiYTA2MDE1ZDglMjEyelFtRm93NmRseFo5bGFHbHlJREl1SUV2RXNYUEVzVzBzSUUxbGNtTmxaR1Z6SUVKMWJIWmhjbWtnVG04Nk1Td2dNelEwT0RnZ1FtSEZuMkZyeFo5bGFHbHlMOFN3YzNSaGJtSjFiQSUyMTVlMCUyMTNtMiUyMTFzdHIlMjEyc3RyJTIxNHYxNjQzMzg0MjQwMzU0JTIxNW0yJTIxMXN0ciUyMTJzdHIlMjIlMjB3aWR0aCUzRCUyMjYwMCUyMiUyMGhlaWdodCUzRCUyMjQ1MCUyMiUyMHN0eWxlJTNEJTIyYm9yZGVyJTNBMCUzQiUyMiUyMGFsbG93ZnVsbHNjcmVlbiUzRCUyMiUyMiUyMGxvYWRpbmclM0QlMjJsYXp5JTIyJTNFJTNDJTJGaWZyYW1lJTNF&#8221;][\/vc_column][\/vc_row][vc_row][vc_column width=&#8221;1\/2&#8243;][vc_column_text]<\/p>\n<h2>\u0130LET\u0130\u015e\u0130M FORMU<\/h2>\n<p>[\/vc_column_text][vc_column_text]<div role=\"form\" class=\"wpcf7\" id=\"wpcf7-f7265-o1\" lang=\"en-US\" dir=\"ltr\">\n<div class=\"screen-reader-response\"><p role=\"status\" aria-live=\"polite\" aria-atomic=\"true\"><\/p> <ul><\/ul><\/div>\n<form action=\"\/index.php?rest_route=%2Fwp%2Fv2%2Fpages%2F1261#wpcf7-f7265-o1\" method=\"post\" class=\"wpcf7-form init\" novalidate=\"novalidate\" data-status=\"init\">\n<div style=\"display: none;\">\n<input type=\"hidden\" name=\"_wpcf7\" value=\"7265\" \/>\n<input type=\"hidden\" name=\"_wpcf7_version\" value=\"5.5.4\" \/>\n<input type=\"hidden\" name=\"_wpcf7_locale\" value=\"en_US\" \/>\n<input type=\"hidden\" name=\"_wpcf7_unit_tag\" value=\"wpcf7-f7265-o1\" \/>\n<input type=\"hidden\" name=\"_wpcf7_container_post\" value=\"0\" \/>\n<input type=\"hidden\" name=\"_wpcf7_posted_data_hash\" value=\"\" \/>\n<\/div>\n<p>Ad\u0131n\u0131z(Gerekli)<br \/>\n    <span class=\"wpcf7-form-control-wrap your-name\"><input type=\"text\" name=\"your-name\" value=\"\" size=\"40\" class=\"wpcf7-form-control wpcf7-text wpcf7-validates-as-required\" aria-required=\"true\" aria-invalid=\"false\" \/><\/span> <\/p>\n<p>E-mail Adresiniz (Gerekli)<br \/>\n    <span class=\"wpcf7-form-control-wrap your-email\"><input type=\"email\" name=\"your-email\" value=\"\" size=\"40\" class=\"wpcf7-form-control wpcf7-text wpcf7-email wpcf7-validates-as-required wpcf7-validates-as-email\" aria-required=\"true\" aria-invalid=\"false\" \/><\/span> <\/p>\n<p>Konu<br \/>\n    <span class=\"wpcf7-form-control-wrap your-subject\"><input type=\"text\" name=\"your-subject\" value=\"\" size=\"40\" class=\"wpcf7-form-control wpcf7-text\" aria-invalid=\"false\" \/><\/span> <\/p>\n<p>Mesaj\u0131n\u0131z<br \/>\n    <span class=\"wpcf7-form-control-wrap your-message\"><textarea name=\"your-message\" cols=\"40\" rows=\"10\" class=\"wpcf7-form-control wpcf7-textarea\" aria-invalid=\"false\"><\/textarea><\/span> <\/p>\n<p><input type=\"submit\" value=\"G\u00f6nder\" class=\"wpcf7-form-control has-spinner wpcf7-submit\" \/><\/p>\n<div class=\"wpcf7-response-output\" aria-hidden=\"true\"><\/div><\/form><\/div>[\/vc_column_text][\/vc_column][vc_column width=&#8221;1\/2&#8243;][vc_column_text]<div class=\"cmsmasters_text\">\n<h3><span style=\"color: #ed1c24;\">01.<\/span> 7\/24 Kesintisiz \u0130leti\u015fim<\/h3>\n<\/div>\n\n<div id=\"cmsmasters_divider_69f5b768cb838\" class=\"cmsmasters_divider cmsmasters_divider_width_long cmsmasters_divider_pos_center\"><\/div><div class=\"cmsmasters_text\">\n<p>Bize 7\/24 Whatsapp \u00fczerinden ve telefon ile ileti\u015fime ge\u00e7ebilirsiniz<\/p>\n<\/div>\n\n<div id=\"cmsmasters_divider_69f5b768cbe20\" class=\"cl\"><\/div><div class=\"cmsmasters_text\">\n<h3><span style=\"color: #ed1c24;\">02.<\/span> ileti\u015fim<\/h3>\n<\/div>\n\n<div id=\"cmsmasters_divider_69f5b768cc3e3\" class=\"cmsmasters_divider cmsmasters_divider_width_long cmsmasters_divider_pos_center\"><\/div> \n<ul id=\"cmsmasters_icon_list_items_69f5b768cc973\" class=\"cmsmasters_icon_list_items cmsmasters_icon_list_type_list cmsmasters_icon_list_pos_left cmsmasters_color_type_border\"><li id=\"cmsmasters_icon_list_item_69f5b768ccfb5\" class=\"cmsmasters_icon_list_item cmsmasters-icon-direction-3\">T\u0130MELOG GLOBAL LOJ\u0130ST\u0130K ANON\u0130M \u015e\u0130RKET\u0130<br \/>\nBAH\u00c7E\u015eEH\u0130R  2.  KISIM MAHALLES\u0130 MERCEDES BULVARI 1. BLOK NO 24 \/ A KAPI NO:83  BA\u015eAK\u015eEH\u0130R \u0130STANBUL<\/li><li id=\"cmsmasters_icon_list_item_69f5b768cd53d\" class=\"cmsmasters_icon_list_item cmsmasters-icon-phone-4\">+90 212 877 40 40<\/li><li id=\"cmsmasters_icon_list_item_69f5b768cdb00\" class=\"cmsmasters_icon_list_item cmsmasters-icon-envelope-letter\">info@timelojistik.com<\/li><\/ul>[\/vc_column_text][\/vc_column][\/vc_row]<\/p>\n","protected":false},"excerpt":{"rendered":"<p>[vc_row][vc_column][vc_gmaps link=&#8221;#E-8_JTNDaWZyYW1lJTIwc3JjJTNEJTIyaHR0cHMlM0ElMkYlMkZ3d3cuZ29vZ2xlLmNvbSUyRm1hcHMlMkZlbWJlZCUzRnBiJTNEJTIxMW0xOCUyMTFtMTIlMjExbTMlMjExZDMwMDcuMDg4Mjg1ODE3MzUzJTIxMmQyOC42NDcxODA5MTU2NjM4NDYlMjEzZDQxLjA4ODkxNzYyMjQwNzElMjEybTMlMjExZjAlMjEyZjAlMjEzZjAlMjEzbTIlMjExaTEwMjQlMjEyaTc2OCUyMTRmMTMuMSUyMTNtMyUyMTFtMiUyMTFzMHgxNGI1NTg1ZGZjMGEwNzQ5JTI1M0EweGJmNTBjOWFiYTA2MDE1ZDglMjEyelFtRm93NmRseFo5bGFHbHlJREl1SUV2RXNYUEVzVzBzSUUxbGNtTmxaR1Z6SUVKMWJIWmhjbWtnVG04Nk1Td2dNelEwT0RnZ1FtSEZuMkZyeFo5bGFHbHlMOFN3YzNSaGJtSjFiQSUyMTVlMCUyMTNtMiUyMTFzdHIlMjEyc3RyJTIxNHYxNjQzMzg0MjQwMzU0JTIxNW0yJTIxMXN0ciUyMTJzdHIlMjIlMjB3aWR0aCUzRCUyMjYwMCUyMiUyMGhlaWdodCUzRCUyMjQ1MCUyMiUyMHN0eWxlJTNEJTIyYm9yZGVyJTNBMCUzQiUyMiUyMGFsbG93ZnVsbHNjcmVlbiUzRCUyMiUyMiUyMGxvYWRpbmclM0QlMjJsYXp5JTIyJTNFJTNDJTJGaWZyYW1lJTNF&#8221;][\/vc_column][\/vc_row][vc_row][vc_column width=&#8221;1\/2&#8243;][vc_column_text] \u0130LET\u0130\u015e\u0130M FORMU [\/vc_column_text][vc_column_text][\/vc_column_text][\/vc_column][vc_column width=&#8221;1\/2&#8243;][vc_column_text][\/vc_column_text][\/vc_column][\/vc_row]<\/p>\n","protected":false},"author":1,"featured_media":0,"parent":0,"menu_order":0,"comment_status":"closed","ping_status":"closed","template":"","meta":{"footnotes":""},"class_list":["post-1261","page","type-page","status-publish","hentry"],"_links":{"self":[{"href":"https:\/\/www.timelog.com.tr\/index.php?rest_route=\/wp\/v2\/pages\/1261","targetHints":{"allow":["GET"]}}],"collection":[{"href":"https:\/\/www.timelog.com.tr\/index.php?rest_route=\/wp\/v2\/pages"}],"about":[{"href":"https:\/\/www.timelog.com.tr\/index.php?rest_route=\/wp\/v2\/types\/page"}],"author":[{"embeddable":true,"href":"https:\/\/www.timelog.com.tr\/index.php?rest_route=\/wp\/v2\/users\/1"}],"replies":[{"embeddable":true,"href":"https:\/\/www.timelog.com.tr\/index.php?rest_route=%2Fwp%2Fv2%2Fcomments&post=1261"}],"version-history":[{"count":0,"href":"https:\/\/www.timelog.com.tr\/index.php?rest_route=\/wp\/v2\/pages\/1261\/revisions"}],"wp:attachment":[{"href":"https:\/\/www.timelog.com.tr\/index.php?rest_route=%2Fwp%2Fv2%2Fmedia&parent=1261"}],"curies":[{"name":"wp","href":"https:\/\/api.w.org\/{rel}","templated":true}]}}